 - v + g. Calculate i(0).
9
Let m(a) = a - 4*a - 23 + 5*a + 29. Give m(-5).
-4
Let z(j) = j**3 - 7*j**2 + 6*j - 2. Suppose b = 4*b + 5*p - 8, -b = 4*p + 2. What is z(b)?
-2
Let n be (-4)/(-2)*(-5)/2. Let y(l) = 5*l**2 + 12*l + 3. Let x(i) = 4*i**2 + 11*i + 4. Let d(q) = 4*x(q) - 3*y(q). Calculate d(n).
-8
Let b = 3 + -1. Let o(w) = 4*w - 3. Let n(r) = r - 1. Let c be 3/(-3 - -6) + 0. Let u(t) = c*o(t) - 3*n(t). What is u(b)?
2
Suppose 0 = 5*j - 23 + 28. Let g(l) = -9*l**3 - 2*l**2 + 5*l**2 - 3*l**2. Determine g(j).
9
Let i(w) = -w**3 - 9*w**2 - w - 2. Let h(d) = d + 4. Let k be h(-13). Determine i(k).
7
Let w(o) = 3*o - 1. Let x = -23 - -24. Suppose 1 = d - x. Determine w(d).
5
Let y(n) be the first derivative of n**2 - 2*n - 2. Determine y(5).
8
Let f = -6 - -13. Let j(x) = x**2 - 8*x - 1. Give j(f).
-8
Let p(k) be the third derivative of -k**6/60 - k**5/60 - k**4/24 + k**3/6 + 5*k**2. Calculate p(1).
-3
Let f(s) = s**2 - 4*s - 1. Let x(p) = -p + 25. Let m be x(15). Let v be (1 + 1)*25/m. What is f(v)?
4
Let o(v) be the second derivative of v**3/6 - 2*v**2 + v. Calculate o(6).
2
Let n be (1*12)/2 + -3. Suppose r + n*l - 3 = l, 0 = 2*l - 4. Let v(j) = 3*j**3 - j**2 + 1. Calculate v(r).
-3
Let t(s) = s**2 + 6*s + 6. Suppose 28 - 7 = -3*r. Determine t(r).
13
Let z(a) = a - 12. Let p(q) = -2*q + 22. Let v(n) = 4*n - 43. Let u(y) = -7*p(y) - 3*v(y). Let s(g) = 6*u(g) - 13*z(g). Determine s(4).
2
Suppose -5*j - 69 + 14 = 0. Let t(v) = v**3 + 11*v**2 + v + 10. Let a be t(j). Let q(o) = 6*o**3 - o**2 + o + 1. Determine q(a).
-7
Suppose -2*u - 15 - 69 = 0. Let z be u/(-10) - (-1)/(-5). Let f(p) = p**3 - 4*p**2 - p + 1. What is f(z)?
-3
Let h(f) = f**3 - 6*f**2 + f - 8. Let b = -4 + 4. Let d = 6 + b. Determine h(d).
-2
Suppose 4 = d + 4*c, -2*d - 3*c + 8 = -0*d. Let g(u) be the third derivative of -1/6*u**3 - 1/12*u**d - 2*u**2 + 0 + 0*u. What is g(3)?
-7
Let t(x) = x**3 + 6*x**2 + 6*x + 3. Let p(n) = -n**3 + 3*n**2 + 10*n - 4. Let f be p(5). Give t(f).
11
Let w(g) = -2*g**3 - 4*g**2 - 9*g - 6. Let i(s) = -s**3 - 2*s**2 - 5*s - 3. Let m(l) = 5*i(l) - 3*w(l). Calculate m(-2).
-1
Let r be (-2)/((-8)/(-3) + -2). Let z(y) = 1 + 5 + y + 0*y - 2. Calculate z(r).
1
Let p(v) = v**2 + v - 17. Let z be p(7). Let w(c) = -z*c - 3 + 40*c + 4. What is w(3)?
4
Suppose m + 5 = 2*m. Suppose 0 = -3*y + 2*y + a + 12, 3*y + m*a = 4. Let o be (-60)/14 + y/28. Let s(q) = q**3 + 4*q**2 + 2*q + 6. Give s(o).
-2
Suppose -3*w + 21 = 4*a, 0*w + 3*w = a + 6. Suppose -2*r - g + 0*g + 7 = 0, -5*g = -5*r - 5. Let j(m) = -6*m - 2*m**r - 1 + 5*m + 5*m. Calculate j(w).
-7
Suppose 2 = -q + 2*q. Let s(y) = -3*y + q - 5 + 2*y. Calculate s(-2).
-1
Let v be (1/2)/((-2)/(-16)). Suppose -6*h + 2 = -v*h. Let z be 3 - (1 - (h + -1)). Let x(s) = 2*s**2 - s. Determine x(z).
6
Let d(y) be the second derivative of -y**4/4 + y**3/3 + y**2/2 + 2*y. Let x = 19 - 15. Suppose -o + 10 = x*w - 1, -4*w + o + 5 = 0. Determine d(w).
-7
Let z(y) = 3*y - 1. Suppose 2*i - 13 - 4 = 3*u, 0 = 2*i - 4*u - 20. Let t(q) = -3*q + 1. Let x(w) = i*t(w) + 5*z(w). Let p = -2 + 4. Give x(p).
5
Let h(t) = -9*t**3 + 2*t**2 - t - 1. Let k(p) = 11*p**3 + 5 - 12*p**3 + 34*p**3 + 13*p**3 + 6*p - 11*p**2. Let d(f) = 11*h(f) + 2*k(f). Give d(1).
-7
Let v(i) = i**3 - 5*i**2 + i. Let o be v(5). Suppose -10 = 3*m + 2*g, -2*m = -4*g + 3*g - 5. Let t(s) = -6 + 2 + m*s - 5*s + s**2. Determine t(o).
-4
Let j(p) = p**2 + p + 4 - 2*p - 2*p + 5*p. Give j(3).
19
Let m(i) be the second derivative of i - i**2 - 1/3*i**4 + 1/20*i**5 - 1/6*i**3 + 0. Suppose 2*d + 4 = 3*d. Determine m(d).
-6
Let u = -29 + 28. Let i(q) = -q**3 - q**2 + 1. Give i(u).
1
Let w(x) = x**3 - 3*x**2 - 8*x + 12. Let l be w(4). Let p(i) = i**3 + 3*i**2 - 6*i - 3. Determine p(l).
5
Suppose -4*b = 2*i + 10, 4*b = -3*i - 5 - 10. Suppose b = -9*o + 5*o. Let a(l) = 5*l - 20. Let k(v) = 2*v - 7. Let s(z) = 3*a(z) - 8*k(z). Give s(o).
-4
Let b(n) = -5 - 3*n**3 + 3*n + n + 7*n**2 + 4*n**3. Suppose -4*y - 14 = 10. Determine b(y).
7
Let f = 1 + -3. Let c(w) = -2*w + 32. Let x be c(15). Let t(d) = x*d + 2*d + 5*d**2 - 2*d - 2 + d**3. Determine t(f).
6
Suppose 7 + 13 = 4*x. Suppose 3 = x*o - 7. Let g(r) = -3*r - 5*r**2 + 3 + 3*r**o + 5*r**3 - 4*r**3. Calculate g(2).
-3
Let h(l) = -l + 1. Let v be h(-1). Let y(d) = -4*d**2 - 4*d + 6*d**v + 6 - 3*d**2. What is y(-5)?
1
Let l(d) = 6*d - 2. Suppose -2*i - 1 = -3*i, 3*i - 1 = u. Calculate l(u).
10
Suppose 0*s + 2*o + 30 = 4*s, -4*o = s - 12. Suppose 3*u - 5*u + s = 0. Let q be 1*0*2/u. Let k(t) = t - 7. Give k(q).
-7
Let u(v) = 5*v**2 - 15*v - 15. Let t(d) = 11*d**2 - 31*d - 31. Let h(j) = -6*t(j) + 13*u(j). What is h(-7)?
5
Let n(d) = 4 + d**3 - 2*d**3 - 5 + 5*d - 3*d**2 + 0. Let c(l) = -l + 10. Let z be c(14). Calculate n(z).
-5
Let j(f) = -3*f**2 + 3*f. Suppose 0*c + 4*u = -c - 10, -6 = 2*u. Determine j(c).
-6
Let r(d) be the third derivative of d**5/60 + 7*d**4/24 - d**3/3 - 11*d**2. What is r(-4)?
-14
Let m(p) = -p**2 + 4*p + 10. Let r be (-3 + 5)*(-4)/(-1). Determine m(r).
-22
Suppose -l + 12 - 2 = 2*i, 3*l - 12 = 0. Let w(h) = -h**2 + 4*h - 4. Calculate w(i).
-1
Let z(x) = 0 + x**2 + 7*x - 1 + 1 - 1. Suppose 0 = 4*p + 3*b - 22, -p + 4*b - 12 = -2*p. Suppose 0 = p*y + 11 + 13. What is z(y)?
-7
Suppose -54 = 3*t - 21. Let x(d) = d**2 + 11*d + 2. Determine x(t).
2
Let x = 0 - 2. Let h(o) be the first derivative of -o**4/12 + o**3/3 - o**2/2 - 1. Let j(i) be the second derivative of h(i). Calculate j(x).
6
Let i(v) = -v - 5. Suppose 0 = s - 0 + 5, -5*s = -p + 27. Suppose 4*h = 4*r + h - 31, -p*h = 2*r + 2. Suppose r*b = b. Determine i(b).
-5
Let j(l) = l + 1. Let o = -42 + 49. What is j(o)?
8
Let x(b) = -2*b**2 + 3*b - 9. Let m(f) = f**2 - f + 4. Let s(r) = -9*m(r) - 4*x(r). Suppose -33 = -3*j - 9. Let l be 11/(-4) + (-2)/j. Give s(l).
0
Let k(t) = -7*t**3 - 2*t**2 - 11*t + 11. Let s(q) = 3*q**3 + q**2 + 5*q - 5. Let o(x) = -2*k(x) - 5*s(x). What is o(2)?
-15
Let v(p) = -2*p - 3. Let l(c) = -c - 1. Let h(q) = 5*l(q) - 2*v(q). Let i be 1*(0/1)/(-3). Suppose i = -3*n + 2*n. What is h(n)?
1
Let a(b) = -11*b**2 - b - 27. Let z(i) = -5*i**2 - 13. Let r(h) = 6*a(h) - 13*z(h). Let w(c) be the first derivative of r(c). Calculate w(-6).
6
Let a be 3/2*28/6. Let y(r) = -r**3 + 7*r**2 - r - 4. Calculate y(a).
-11
Let x(q) be the second derivative of q**5/20 - q**4/2 - q**2 + q. Calculate x(6).
-2
Let y(g) = g**2 - g. Let o be y(2). Let s = 0 + o. Let l(j) = j + 2. Let b be l(s). Let v(k) = k**3 - 3*k**2 - 4*k - 5. Calculate v(b).
-5
Let j be (-3)/(-2*1/2). Let v(o) = 5*o - 3. Calculate v(j).
12
Let b(o) = o**3 + 6*o**2 + 5*o - 4. Let t = 16 - 8. Suppose -a + 0*i - 5*i = t, -i = -2*a + 6. Suppose a*u + u = -12. Calculate b(u).
8
Let z(t) = -t**2 + 7*t - 7. Let g(w) = -w**3 - 3*w**2 + w - 4. Let m be g(-4). Let u(l) = l**3 - 9*l**2 + 8*l + 5. Let j be u(m). What is z(j)?
3
Let b be (6/12)/(2/8). Let i = -1 + 1. Suppose i = -3*j - b - 13. Let f(a) = a**2 + 3*a - 6. What is f(j)?
4
Let j(d) = -6 + 7*d - d**3 + 6*d - d + 4*d**2 - 5*d. Let a be j(5). Let k(o) be the first derivative of o**3/3 - o**2 - 3*o + 1. Give k(a).
5
Let c(p) = p**3 - 22*p**2 - 6*p + 4 - 18*p**2 + 46*p**2 - 10. What is c(-7)?
-13
Let p(u) = -u - 7. Suppose -6*t + 30 = -4*t. Suppose 27 = -4*z + 2*k + 5, -3*z + k = t. What is p(z)?
-3
Let k(a) = a**2 + 4*a + 5. Let n be k(-4). Suppose n*f + 5 = 15. Let b(y) be the second derivative of -y**3/6 + 2*y**2 - 4*y. Calculate b(f).
2
Let a(s) = -s + 2. Let p be 2/(-5) + (-38)/5. Let f = -6 - p. What is a(f)?
0
Let q(x) = 7*x - 3. Let u(l) = 6*l - 4. Let g(b) = -3*q(b) + 2*u(b). Suppose h - 2*h = -4. Suppose -6*s + 1 = -2*s + y, -16 = -h*s + 4*y. Give g(s).
-8
Suppose 0 + 18 = 3*h. Let a(i) = -i**3 + 5*i**2 + 5. Let d(o) = 3*o**3 - 15*o**2 - o - 15. Let v(s) = 11*a(s) + 4*d(s). Give v(h).
7
Let m be (-2)/11 + (-26)/(-22). Let t(l) = 13*l - 4*l + 13 + 26*l**2 - 67*l**2. Let z(k) = -10*k**2 + 2*k + 3. Let n(r) = -2*t(r) + 9*z(r). Determine n(m).
-7
Let d(o) be the third derivative of o**5/60 + o**4/8 - o**3/2 - 3*o**2. Determine d(-5).
7
Let o(x) = 2*x**2 + 3*x - 3. Suppose -2*a = -4*g + 16, -3*a + 0 = 3*g + 6. Calculate o(g).
11
Let n(v) be the first derivative of v**4/4 - 2*v**3 + v**2/2 - 7*v - 1. Let t be (2 + 0)*-1 + 8. Determine n(t